{"id":1186,"date":"2013-03-23T14:46:40","date_gmt":"2013-03-23T14:46:40","guid":{"rendered":"http:\/\/maquisdelorris.fr\/resistance\/?page_id=1186"},"modified":"2019-08-12T13:16:33","modified_gmt":"2019-08-12T13:16:33","slug":"le-groupe-scolaire-marc-oneill","status":"publish","type":"page","link":"https:\/\/maquisdelorris.fr\/resistance\/?page_id=1186","title":{"rendered":"Le groupe scolaire Marc O&rsquo;Neill"},"content":{"rendered":"\n<p>Le 16 octobre 2010, le groupe scolaire Lorris-Noyers (\u00e9cole \u00e9l\u00e9mentaire \u00ab&nbsp;de la Noue&nbsp;\u00bb, et \u00e9cole maternelle St Exup\u00e9ry&nbsp;\u00bb) a \u00e9t\u00e9 rebaptis\u00e9 <strong>\u00ab&nbsp;Groupe scolaire Marc O\u2019Neill&nbsp;\u00bb<\/strong>, \u00e0 l\u2019initiative de l\u2019un de ses anciens instituteurs, Patrick Malochet. Une d\u00e9marche soutenue par les municipalit\u00e9s concern\u00e9es qui concr\u00e9tisent ainsi leur volont\u00e9 de rendre hommage \u00e0 un grand r\u00e9sistant.<\/p>\n\n\n\n<div class=\"wp-block-image\"><figure class=\"alignright\"><a href=\"https:\/\/maquisdelorris.fr\/resistance\/wp-content\/uploads\/2013\/03\/IMG_0624.jpg\"><img loading=\"lazy\" decoding=\"async\" width=\"300\" height=\"224\" src=\"https:\/\/maquisdelorris.fr\/resistance\/wp-content\/uploads\/2013\/03\/IMG_0624-300x224.jpg\" alt=\"IMG_0624\" class=\"wp-image-1237\" srcset=\"https:\/\/maquisdelorris.fr\/resistance\/wp-content\/uploads\/2013\/03\/IMG_0624-300x224.jpg 300w, https:\/\/maquisdelorris.fr\/resistance\/wp-content\/uploads\/2013\/03\/IMG_0624-1024x767.jpg 1024w, https:\/\/maquisdelorris.fr\/resistance\/wp-content\/uploads\/2013\/03\/IMG_0624.jpg 1031w\" sizes=\"auto, (max-width: 300px) 100vw, 300px\" \/><\/a><\/figure><\/div>\n\n\n\n<p>Je vous renvoie pour plus de d\u00e9tails sur la <a href=\"https:\/\/maquisdelorris.fr\/resistance\/?page_id=299\">page<\/a>&nbsp;d\u00e9di\u00e9e au Lieutenant-Colonel Marc O\u2019Neill, chef du Maquis de Lorris, D\u00e9l\u00e9gu\u00e9 militaire r\u00e9gional pour la r\u00e9gion P2, Compagnon de la Lib\u00e9ration&nbsp;: ce sont l\u00e0 les termes exacts qui ornent d\u00e9sormais la plaque d\u00e9voil\u00e9e \u00e0 l\u2019occasion d\u2019une c\u00e9r\u00e9monie \u00e9mouvante, en pr\u00e9sence de nombreux enfants des \u00e9coles. Ceux-ci ont activement particip\u00e9 \u00e0 l\u2019hommage au Colonel O\u2019Neill en chantant le Chant des partisans un peu plus t\u00f4t dans la journ\u00e9e, au carrefour de la R\u00e9sistance, sur la s\u00e9pulture du chef du maquis, et en lisant le texte qu\u2019ils ont r\u00e9dig\u00e9 en classe <em>(voir ci-dessous)<\/em>. Les enfants du Colonel O\u2019Neill, entour\u00e9s de nombreuses personnalit\u00e9s civiles et militaires, se sont dits tr\u00e8s touch\u00e9s par cet hommage, \u00ab&nbsp;preuve de la fid\u00e9lit\u00e9 de cette r\u00e9gion vis-\u00e0-vis de son nom et de son action&nbsp;\u00bb.<\/p>\n\n\n\n<p>A l\u2019initiative de M.Jacheet, D\u00e9l\u00e9gu\u00e9 d\u00e9partemental de la Fondation de la France Libre, les visiteurs ont pu d\u00e9couvrir toute la journ\u00e9e dans la salle Blanche de Castille une exposition pr\u00eat\u00e9e par l\u2019ONAC-VG (Office National des Anciens Combattants et Victimes de Guerre) intitul\u00e9e&nbsp;: <em><strong>\u00ab&nbsp;Les Fran\u00e7ais Libres et leur chef, le G\u00e9n\u00e9ral de Gaulle&nbsp;\u00bb<\/strong><\/em>, l\u2019occasion de sensibiliser jeunes et moins jeunes au devoir de m\u00e9moire et de leur faire d\u00e9couvrir l\u2019action de la r\u00e9sistance.<\/p>\n\n\n\n<div class=\"wp-block-image\"><figure class=\"aligncenter\"><a href=\"https:\/\/maquisdelorris.fr\/resistance\/wp-content\/uploads\/2013\/03\/Au-carrefour.jpg\"><img loading=\"lazy\" decoding=\"async\" width=\"640\" height=\"488\" src=\"https:\/\/maquisdelorris.fr\/resistance\/wp-content\/uploads\/2013\/03\/Au-carrefour.jpg\" alt=\"Au carrefour\" class=\"wp-image-1238\" srcset=\"https:\/\/maquisdelorris.fr\/resistance\/wp-content\/uploads\/2013\/03\/Au-carrefour.jpg 640w, https:\/\/maquisdelorris.fr\/resistance\/wp-content\/uploads\/2013\/03\/Au-carrefour-300x228.jpg 300w\" sizes=\"auto, (max-width: 640px) 100vw, 640px\" \/><\/a><figcaption>Hommage au Colonel O&rsquo;Neill, Carrefour de la R\u00e9sistance<br>(Droits r\u00e9serv\u00e9s, AFAAM, 2010)<\/figcaption><\/figure><\/div>\n\n\n\n<div class=\"wp-block-image\"><figure class=\"aligncenter is-resized\"><a href=\"https:\/\/maquisdelorris.fr\/resistance\/wp-content\/uploads\/2013\/03\/IMG_0614.jpg\"><img loading=\"lazy\" decoding=\"async\" src=\"https:\/\/maquisdelorris.fr\/resistance\/wp-content\/uploads\/2013\/03\/IMG_0614-1024x768.jpg\" alt=\"IMG_0614\" class=\"wp-image-1240\" width=\"768\" height=\"576\" srcset=\"https:\/\/maquisdelorris.fr\/resistance\/wp-content\/uploads\/2013\/03\/IMG_0614-1024x768.jpg 1024w, https:\/\/maquisdelorris.fr\/resistance\/wp-content\/uploads\/2013\/03\/IMG_0614-300x225.jpg 300w\" sizes=\"auto, (max-width: 768px) 100vw, 768px\" \/><\/a><figcaption>Hommage au Colonel O&rsquo;Neill, Carrefour de la R\u00e9sistance (Droits r\u00e9serv\u00e9s, AFAAM, 2010)<\/figcaption><\/figure><\/div>\n\n\n\n<div class=\"wp-block-image\"><figure class=\"aligncenter is-resized\"><a href=\"https:\/\/maquisdelorris.fr\/resistance\/wp-content\/uploads\/2013\/03\/IMG_0615.jpg\"><img loading=\"lazy\" decoding=\"async\" src=\"https:\/\/maquisdelorris.fr\/resistance\/wp-content\/uploads\/2013\/03\/IMG_0615-1024x768.jpg\" alt=\"IMG_0615\" class=\"wp-image-1241\" width=\"768\" height=\"576\" srcset=\"https:\/\/maquisdelorris.fr\/resistance\/wp-content\/uploads\/2013\/03\/IMG_0615-1024x768.jpg 1024w, https:\/\/maquisdelorris.fr\/resistance\/wp-content\/uploads\/2013\/03\/IMG_0615-300x225.jpg 300w\" sizes=\"auto, (max-width: 768px) 100vw, 768px\" \/><\/a><figcaption>Les anciens du maquis devant la tombe du Colonel O&rsquo;Neill, Carrefour de la R\u00e9sistance<br>(Droits r\u00e9serv\u00e9s, AFAAM, 2010)<\/figcaption><\/figure><\/div>\n\n\n\n<div class=\"wp-block-image\"><figure class=\"aligncenter is-resized\"><a href=\"https:\/\/maquisdelorris.fr\/resistance\/wp-content\/uploads\/2013\/03\/IMG_0621.jpg\"><img loading=\"lazy\" decoding=\"async\" src=\"https:\/\/maquisdelorris.fr\/resistance\/wp-content\/uploads\/2013\/03\/IMG_0621-1024x768.jpg\" alt=\"IMG_0621\" class=\"wp-image-1245\" width=\"768\" height=\"576\" srcset=\"https:\/\/maquisdelorris.fr\/resistance\/wp-content\/uploads\/2013\/03\/IMG_0621-1024x768.jpg 1024w, https:\/\/maquisdelorris.fr\/resistance\/wp-content\/uploads\/2013\/03\/IMG_0621-300x225.jpg 300w\" sizes=\"auto, (max-width: 768px) 100vw, 768px\" \/><\/a><figcaption>Groupe scolaire de la Noue, Lorris, baptis\u00e9 groupe scolaire Marc O&rsquo;Neill<br>(Droits r\u00e9serv\u00e9s, AFAAM, 2010)<\/figcaption><\/figure><\/div>\n\n\n\n<div class=\"wp-block-image\"><figure class=\"aligncenter is-resized\"><a href=\"https:\/\/maquisdelorris.fr\/resistance\/wp-content\/uploads\/2013\/03\/Texte-eleves1.jpg\"><img loading=\"lazy\" decoding=\"async\" src=\"https:\/\/maquisdelorris.fr\/resistance\/wp-content\/uploads\/2013\/03\/Texte-eleves1.jpg\" alt=\"Texte eleves\" class=\"wp-image-1265\" width=\"434\" height=\"579\" srcset=\"https:\/\/maquisdelorris.fr\/resistance\/wp-content\/uploads\/2013\/03\/Texte-eleves1.jpg 578w, https:\/\/maquisdelorris.fr\/resistance\/wp-content\/uploads\/2013\/03\/Texte-eleves1-224x300.jpg 224w\" sizes=\"auto, (max-width: 434px) 100vw, 434px\" \/><\/a><figcaption>Le texte lu par les \u00e9l\u00e8ves du groupe scolaire<br>(Droits r\u00e9serv\u00e9s, AFAAM, 2010)<\/figcaption><\/figure><\/div>\n","protected":false},"excerpt":{"rendered":"<p>Le 16 octobre 2010, le groupe scolaire Lorris-Noyers (\u00e9cole \u00e9l\u00e9mentaire \u00ab&nbsp;de la Noue&nbsp;\u00bb, et \u00e9cole maternelle St Exup\u00e9ry&nbsp;\u00bb) a \u00e9t\u00e9 rebaptis\u00e9 \u00ab&nbsp;Groupe scolaire Marc O\u2019Neill&nbsp;\u00bb, \u00e0 l\u2019initiative de l\u2019un de ses anciens instituteurs, Patrick Malochet. Une d\u00e9marche soutenue par les municipalit\u00e9s concern\u00e9es qui concr\u00e9tisent ainsi leur volont\u00e9 de rendre hommage \u00e0 un grand r\u00e9sistant. Je &hellip; <\/p>\n<p><a class=\"more-link btn\" href=\"https:\/\/maquisdelorris.fr\/resistance\/?page_id=1186\">Lire la suite<\/a><\/p>\n","protected":false},"author":5,"featured_media":0,"parent":44,"menu_order":11,"comment_status":"closed","ping_status":"open","template":"","meta":{"footnotes":""},"class_list":["post-1186","page","type-page","status-publish","hentry","nodate","item-wrap"],"aioseo_notices":[],"_links":{"self":[{"href":"https:\/\/maquisdelorris.fr\/resistance\/index.php?rest_route=\/wp\/v2\/pages\/1186","targetHints":{"allow":["GET"]}}],"collection":[{"href":"https:\/\/maquisdelorris.fr\/resistance\/index.php?rest_route=\/wp\/v2\/pages"}],"about":[{"href":"https:\/\/maquisdelorris.fr\/resistance\/index.php?rest_route=\/wp\/v2\/types\/page"}],"author":[{"embeddable":true,"href":"https:\/\/maquisdelorris.fr\/resistance\/index.php?rest_route=\/wp\/v2\/users\/5"}],"replies":[{"embeddable":true,"href":"https:\/\/maquisdelorris.fr\/resistance\/index.php?rest_route=%2Fwp%2Fv2%2Fcomments&post=1186"}],"version-history":[{"count":0,"href":"https:\/\/maquisdelorris.fr\/resistance\/index.php?rest_route=\/wp\/v2\/pages\/1186\/revisions"}],"up":[{"embeddable":true,"href":"https:\/\/maquisdelorris.fr\/resistance\/index.php?rest_route=\/wp\/v2\/pages\/44"}],"wp:attachment":[{"href":"https:\/\/maquisdelorris.fr\/resistance\/index.php?rest_route=%2Fwp%2Fv2%2Fmedia&parent=1186"}],"curies":[{"name":"wp","href":"https:\/\/api.w.org\/{rel}","templated":true}]}}