{"id":1187,"date":"2013-03-23T14:15:08","date_gmt":"2013-03-23T14:15:08","guid":{"rendered":"http:\/\/maquisdelorris.fr\/resistance\/?page_id=1187"},"modified":"2019-08-12T13:16:34","modified_gmt":"2019-08-12T13:16:34","slug":"une-stele-a-la-folie-en-hommage-au-colonel-oneill","status":"publish","type":"page","link":"https:\/\/maquisdelorris.fr\/resistance\/?page_id=1187","title":{"rendered":"Une st\u00e8le \u00e0 \u00ab\u00a0La Folie\u00a0\u00bb en hommage au Colonel O&rsquo;Neill"},"content":{"rendered":"\n<div class=\"wp-block-image\"><figure class=\"alignright is-resized\"><a href=\"https:\/\/maquisdelorris.fr\/resistance\/wp-content\/uploads\/2013\/03\/Photo0075.jpg\"><img loading=\"lazy\" decoding=\"async\" src=\"https:\/\/maquisdelorris.fr\/resistance\/wp-content\/uploads\/2013\/03\/Photo0075-300x225.jpg\" alt=\"Photo0075\" class=\"wp-image-1224\" width=\"369\" height=\"277\" srcset=\"https:\/\/maquisdelorris.fr\/resistance\/wp-content\/uploads\/2013\/03\/Photo0075-300x225.jpg 300w, https:\/\/maquisdelorris.fr\/resistance\/wp-content\/uploads\/2013\/03\/Photo0075-1024x768.jpg 1024w\" sizes=\"auto, (max-width: 369px) 100vw, 369px\" \/><\/a><figcaption>La st\u00e8le en hommage au Colonel O&rsquo;Neill<br>(Droits r\u00e9serv\u00e9s, AFAAM, sept. 2011)<\/figcaption><\/figure><\/div>\n\n\n\n<p>C&rsquo;est le 24 septembre 2011, \u00e0 l\u2019invitation du Souvenir Fran\u00e7ais de Ch\u00e2teauneuf sur Loire et des anciens Combattants ACPG-CATM-TOE-Veuves de Vitry aux Loges, que s\u2019est d\u00e9roul\u00e9e \u00e0 Vitry aux Loges&nbsp;la c\u00e9r\u00e9monie d\u2019inauguration d\u2019une st\u00e8le \u00e9rig\u00e9e \u00e0 la m\u00e9moire du <a href=\"https:\/\/maquisdelorris.fr\/resistance\/?page_id=299\" target=\"_blank\" rel=\"noopener noreferrer\">Colonel Marc O\u2019Neill<\/a>, chef du Maquis de Lorris.<\/p>\n\n\n\n<p>C\u2019est en effet route de la Malloie \u00e0 Vitry que de dresse encore la ferme de la Folie qui a abrit\u00e9 le Colonel O\u2019Neill entre avril et mi-juillet 1944. De son nouveau poste de commandement (PC), alors lou\u00e9 pour lui par l\u2019Abb\u00e9 Visage, le cur\u00e9 de Vitry, le colonel Marc O\u2019Neill, nomm\u00e9 DMR de la r\u00e9gion P2&nbsp;&nbsp;(D\u00e9l\u00e9gu\u00e9 Militaire R\u00e9gional) en mai 1944 par l\u2019Etat-major FFI, est \u00e0 ce moment responsable de quatre d\u00e9partements, le Loiret, le Cher-Nord (le Sud est en zone libre), le Loir-et-Cher et l\u2019Eure-et-Loir. C\u2019est depuis cette ferme de la Folie que le Colonel O\u2019Neill va mener \u00e0 bien la mission dont Londres l\u2019a charg\u00e9&nbsp;: la cr\u00e9ation de deux unit\u00e9s de combat de part et d\u2019autre de la Loire destin\u00e9 \u00e0 partir du d\u00e9barquement du 6 juin \u00e0 entraver tout envoi de renforts ennemis sur le front par la vall\u00e9e de la Loire (plus de d\u00e9tail sur <a href=\"https:\/\/maquisdelorris.fr\/resistance\/?page_id=95 \" target=\"_blank\" rel=\"noopener noreferrer\">cette page<\/a>). Il est en contact permanent avec Londres et les quatre chefs d\u00e9partementaux de la r\u00e9gion P2 gr\u00e2ce \u00e0 son radio, le capitaine Villemin (Charles) et sa femme, Paulette, charg\u00e9e du codage et du d\u00e9chiffrement des messages. Le commandant d\u2019Aboville s\u00e9journa \u00e9galement \u00e0 la Folie comme le rappelle la plaque qui orne le monument.<\/p>\n\n\n\n<div class=\"wp-block-image\"><figure class=\"aligncenter is-resized\"><a href=\"https:\/\/maquisdelorris.fr\/resistance\/wp-content\/uploads\/2013\/03\/La-Folie.jpg\"><img loading=\"lazy\" decoding=\"async\" src=\"https:\/\/maquisdelorris.fr\/resistance\/wp-content\/uploads\/2013\/03\/La-Folie-1024x569.jpg\" alt=\"La Folie\" class=\"wp-image-1225\" width=\"768\" height=\"427\" srcset=\"https:\/\/maquisdelorris.fr\/resistance\/wp-content\/uploads\/2013\/03\/La-Folie-1024x569.jpg 1024w, https:\/\/maquisdelorris.fr\/resistance\/wp-content\/uploads\/2013\/03\/La-Folie-300x166.jpg 300w, https:\/\/maquisdelorris.fr\/resistance\/wp-content\/uploads\/2013\/03\/La-Folie.jpg 1198w\" sizes=\"auto, (max-width: 768px) 100vw, 768px\" \/><\/a><figcaption>La ferme de la \u00ab\u00a0Folie\u00a0\u00bb il y a 60 ans&#8230;<br>(Droits r\u00e9serv\u00e9s, Mus\u00e9e D\u00e9partemental de la R\u00e9sistance et de la D\u00e9portation, Lorris)<\/figcaption><\/figure><\/div>\n\n\n\n<div class=\"wp-block-image\"><figure class=\"aligncenter is-resized\"><a href=\"https:\/\/maquisdelorris.fr\/resistance\/wp-content\/uploads\/2013\/03\/Photo0074.jpg\"><img loading=\"lazy\" decoding=\"async\" src=\"https:\/\/maquisdelorris.fr\/resistance\/wp-content\/uploads\/2013\/03\/Photo0074-1024x768.jpg\" alt=\"La folie 2011\" class=\"wp-image-1223\" width=\"512\" height=\"384\" srcset=\"https:\/\/maquisdelorris.fr\/resistance\/wp-content\/uploads\/2013\/03\/Photo0074-1024x768.jpg 1024w, https:\/\/maquisdelorris.fr\/resistance\/wp-content\/uploads\/2013\/03\/Photo0074-300x225.jpg 300w\" sizes=\"auto, (max-width: 512px) 100vw, 512px\" \/><\/a><figcaption>&#8230; et aujourd&rsquo;hui<br>(Droits r\u00e9serv\u00e9s, AFAAM, sept. 2011)<\/figcaption><\/figure><\/div>\n\n\n\n<div class=\"wp-block-image\"><figure class=\"aligncenter is-resized\"><a href=\"https:\/\/maquisdelorris.fr\/resistance\/wp-content\/uploads\/2013\/03\/037.jpg\"><img loading=\"lazy\" decoding=\"async\" src=\"https:\/\/maquisdelorris.fr\/resistance\/wp-content\/uploads\/2013\/03\/037-1024x682.jpg\" alt=\"037\" class=\"wp-image-1219\" width=\"675\" height=\"450\" srcset=\"https:\/\/maquisdelorris.fr\/resistance\/wp-content\/uploads\/2013\/03\/037-1024x682.jpg 1024w, https:\/\/maquisdelorris.fr\/resistance\/wp-content\/uploads\/2013\/03\/037-300x200.jpg 300w\" sizes=\"auto, (max-width: 675px) 100vw, 675px\" \/><\/a><figcaption>C\u00e9r\u00e9monie d&rsquo;inauguration de la st\u00e8le en hommage au Colonel O&rsquo;Neill, chef du Maquis de Lorris, 24 septembre 2011<br>(Droits r\u00e9serv\u00e9s, AFAAM, sept.2011)<\/figcaption><\/figure><\/div>\n\n\n\n<div class=\"wp-block-image\"><figure class=\"aligncenter is-resized\"><a href=\"https:\/\/maquisdelorris.fr\/resistance\/wp-content\/uploads\/2013\/03\/131.jpg\"><img loading=\"lazy\" decoding=\"async\" src=\"https:\/\/maquisdelorris.fr\/resistance\/wp-content\/uploads\/2013\/03\/131-1024x682.jpg\" alt=\"La Folie, AFAAM, sept.2011\" class=\"wp-image-1221\" width=\"675\" height=\"454\"\/><\/a><figcaption>Bernard Chalopin et Monique Bourassin, pour l&rsquo;AFAAM<br>(Droits r\u00e9serv\u00e9s, AFAAM, sept. 2011)<\/figcaption><\/figure><\/div>\n\n\n\n<div class=\"wp-block-image\"><figure class=\"aligncenter is-resized\"><a href=\"https:\/\/maquisdelorris.fr\/resistance\/wp-content\/uploads\/2013\/03\/118.jpg\"><img loading=\"lazy\" decoding=\"async\" src=\"https:\/\/maquisdelorris.fr\/resistance\/wp-content\/uploads\/2013\/03\/118-1024x682.jpg\" alt=\"118\" class=\"wp-image-1220\" width=\"620\" height=\"415\"\/><\/a><figcaption>Hommage de Bernard Chalopin au Colonel O&rsquo;Neill<br> (Droits r\u00e9serv\u00e9s, AFAAM, sept.2011)<\/figcaption><\/figure><\/div>\n\n\n\n<div class=\"wp-block-image\"><figure class=\"aligncenter is-resized\"><a href=\"https:\/\/maquisdelorris.fr\/resistance\/wp-content\/uploads\/2013\/03\/Photo0073.jpg\"><img loading=\"lazy\" decoding=\"async\" src=\"https:\/\/maquisdelorris.fr\/resistance\/wp-content\/uploads\/2013\/03\/Photo0073-1024x768.jpg\" alt=\"Photo0073\" class=\"wp-image-1222\" width=\"623\" height=\"467\" srcset=\"https:\/\/maquisdelorris.fr\/resistance\/wp-content\/uploads\/2013\/03\/Photo0073-1024x768.jpg 1024w, https:\/\/maquisdelorris.fr\/resistance\/wp-content\/uploads\/2013\/03\/Photo0073-300x225.jpg 300w\" sizes=\"auto, (max-width: 623px) 100vw, 623px\" \/><\/a><figcaption>La plaque du monument<br> (Droits r\u00e9serv\u00e9s, AFAAM, sept.2011)<\/figcaption><\/figure><\/div>\n","protected":false},"excerpt":{"rendered":"<p>C&rsquo;est le 24 septembre 2011, \u00e0 l\u2019invitation du Souvenir Fran\u00e7ais de Ch\u00e2teauneuf sur Loire et des anciens Combattants ACPG-CATM-TOE-Veuves de Vitry aux Loges, que s\u2019est d\u00e9roul\u00e9e \u00e0 Vitry aux Loges&nbsp;la c\u00e9r\u00e9monie d\u2019inauguration d\u2019une st\u00e8le \u00e9rig\u00e9e \u00e0 la m\u00e9moire du Colonel Marc O\u2019Neill, chef du Maquis de Lorris. C\u2019est en effet route de la Malloie \u00e0 &hellip; <\/p>\n<p><a class=\"more-link btn\" href=\"https:\/\/maquisdelorris.fr\/resistance\/?page_id=1187\">Lire la suite<\/a><\/p>\n","protected":false},"author":5,"featured_media":0,"parent":44,"menu_order":13,"comment_status":"closed","ping_status":"open","template":"","meta":{"footnotes":""},"class_list":["post-1187","page","type-page","status-publish","hentry","nodate","item-wrap"],"aioseo_notices":[],"_links":{"self":[{"href":"https:\/\/maquisdelorris.fr\/resistance\/index.php?rest_route=\/wp\/v2\/pages\/1187","targetHints":{"allow":["GET"]}}],"collection":[{"href":"https:\/\/maquisdelorris.fr\/resistance\/index.php?rest_route=\/wp\/v2\/pages"}],"about":[{"href":"https:\/\/maquisdelorris.fr\/resistance\/index.php?rest_route=\/wp\/v2\/types\/page"}],"author":[{"embeddable":true,"href":"https:\/\/maquisdelorris.fr\/resistance\/index.php?rest_route=\/wp\/v2\/users\/5"}],"replies":[{"embeddable":true,"href":"https:\/\/maquisdelorris.fr\/resistance\/index.php?rest_route=%2Fwp%2Fv2%2Fcomments&post=1187"}],"version-history":[{"count":0,"href":"https:\/\/maquisdelorris.fr\/resistance\/index.php?rest_route=\/wp\/v2\/pages\/1187\/revisions"}],"up":[{"embeddable":true,"href":"https:\/\/maquisdelorris.fr\/resistance\/index.php?rest_route=\/wp\/v2\/pages\/44"}],"wp:attachment":[{"href":"https:\/\/maquisdelorris.fr\/resistance\/index.php?rest_route=%2Fwp%2Fv2%2Fmedia&parent=1187"}],"curies":[{"name":"wp","href":"https:\/\/api.w.org\/{rel}","templated":true}]}}