{"id":235,"date":"2011-06-11T14:50:22","date_gmt":"2011-06-11T14:50:22","guid":{"rendered":"http:\/\/maquisdelorris.fr\/resistance\/?page_id=235"},"modified":"2024-04-09T12:14:08","modified_gmt":"2024-04-09T12:14:08","slug":"bibliographie","status":"publish","type":"page","link":"https:\/\/maquisdelorris.fr\/resistance\/?page_id=235","title":{"rendered":"bibliographie"},"content":{"rendered":"\n<p><em>Au temps de l&rsquo;h\u00e9ro\u00efsme et de la trahison<\/em>, Paul Guillaume, Librairie Lodd\u00e9, 1978<\/p>\n\n\n\n<p><em>Le Maquis de Lorris<\/em>, Mus\u00e9e D\u00e9partemental de la R\u00e9sistance et de la D\u00e9portation de Lorris<\/p>\n\n\n\n<p><em>Le G\u00e2tinais en r\u00e9sistance, A l&rsquo;Est du Loiret<\/em> <em>au temps des maquis<\/em>, Liliane Brulez, Corsaire \u00e9ditions, 2024<\/p>\n\n\n\n<p><em>Le Loiret dans la guerre<\/em>, Yves Durand, Editions Horvath 1983<\/p>\n\n\n\n<p><em>Le Loiret dans la tourmente 1940-1945<\/em>, Jean-Bernard Autin, Jacques Debal,&nbsp;Jacques Gu\u00e9rold, Mus\u00e9e D\u00e9partemental de la R\u00e9sistance et de la D\u00e9portation de Lorris, 1988<\/p>\n\n\n\n<p><em>Jours de peine et jours d&rsquo;espoir<\/em>, Bernard Val\u00e9ry, Les \u00c9ditions Page \u00e0 Page, 1997<\/p>\n\n\n\n<p><em>Orl\u00e9ans M\u00e9moire 1939-1945<\/em>, \u00c9dition Communication-Presse-\u00c9dition, 2002<\/p>\n\n\n\n<p><em>De l&rsquo;engagement de la nation fran\u00e7aise dans la triste aventure du gouvernement de Vichy<\/em>, Pierre J\u00e9rosme, L&rsquo;Harmattan, 1994<\/p>\n\n\n\n<p><em>Orl\u00e9ans, de l&rsquo;occupation \u00e0 la lib\u00e9ration, 1940-1944 :&nbsp;exposition r\u00e9alis\u00e9e par les Archives municipales \u00e0 l&rsquo;occasion du cinquanti\u00e8me anniversaire de la lib\u00e9ration d&rsquo;Orl\u00e9ans<\/em>, Musee historique, Place Abbe Desnoyers, 16 ao\u00fbt-30 octobre 1994<\/p>\n\n\n\n<p><em>1940-1944 Entre destructions et reconstruction, Sully-sur-Loire pendant la Seconde Guerre Mondiale<\/em>,&nbsp;exposition photographique organis\u00e9e par l\u2019association \u00ab Culture et Patrimoine dans le Sullias \u00bb,&nbsp;catalogue de l&rsquo;exposition librairie Morin, Sully Sur Loire<\/p>\n\n\n\n<p><em>La graisse mais pas les os<\/em>, Henri Ledroit, Editions de l&rsquo;Ecluse, 2014<\/p>\n","protected":false},"excerpt":{"rendered":"<p>Au temps de l&rsquo;h\u00e9ro\u00efsme et de la trahison, Paul Guillaume, Librairie Lodd\u00e9, 1978 Le Maquis de Lorris, Mus\u00e9e D\u00e9partemental de la R\u00e9sistance et de la D\u00e9portation de Lorris Le G\u00e2tinais en r\u00e9sistance, A l&rsquo;Est du Loiret au temps des maquis, Liliane Brulez, Corsaire \u00e9ditions, 2024 Le Loiret dans la guerre, Yves Durand, Editions Horvath 1983 &hellip; <\/p>\n<p><a class=\"more-link btn\" href=\"https:\/\/maquisdelorris.fr\/resistance\/?page_id=235\">Lire la suite<\/a><\/p>\n","protected":false},"author":5,"featured_media":0,"parent":49,"menu_order":50,"comment_status":"open","ping_status":"closed","template":"","meta":{"footnotes":""},"class_list":["post-235","page","type-page","status-publish","hentry","nodate","item-wrap"],"aioseo_notices":[],"_links":{"self":[{"href":"https:\/\/maquisdelorris.fr\/resistance\/index.php?rest_route=\/wp\/v2\/pages\/235","targetHints":{"allow":["GET"]}}],"collection":[{"href":"https:\/\/maquisdelorris.fr\/resistance\/index.php?rest_route=\/wp\/v2\/pages"}],"about":[{"href":"https:\/\/maquisdelorris.fr\/resistance\/index.php?rest_route=\/wp\/v2\/types\/page"}],"author":[{"embeddable":true,"href":"https:\/\/maquisdelorris.fr\/resistance\/index.php?rest_route=\/wp\/v2\/users\/5"}],"replies":[{"embeddable":true,"href":"https:\/\/maquisdelorris.fr\/resistance\/index.php?rest_route=%2Fwp%2Fv2%2Fcomments&post=235"}],"version-history":[{"count":0,"href":"https:\/\/maquisdelorris.fr\/resistance\/index.php?rest_route=\/wp\/v2\/pages\/235\/revisions"}],"up":[{"embeddable":true,"href":"https:\/\/maquisdelorris.fr\/resistance\/index.php?rest_route=\/wp\/v2\/pages\/49"}],"wp:attachment":[{"href":"https:\/\/maquisdelorris.fr\/resistance\/index.php?rest_route=%2Fwp%2Fv2%2Fmedia&parent=235"}],"curies":[{"name":"wp","href":"https:\/\/api.w.org\/{rel}","templated":true}]}}

<p><em>Au temps de l&rsquo;héroïsme et de la trahison</em>, Paul Guillaume, Librairie Loddé, 1978</p>



<p><em>Le Maquis de Lorris</em>, Musée Départemental de la Résistance et de la Déportation de Lorris</p>



<p><em>Le Gâtinais en résistance, A l&rsquo;Est du Loiret</em> <em>au temps des maquis</em>, Liliane Brulez, Corsaire éditions, 2024</p>



<p><em>Le Loiret dans la guerre</em>, Yves Durand, Editions Horvath 1983</p>



<p><em>Le Loiret dans la tourmente 1940-1945</em>, Jean-Bernard Autin, Jacques Debal,&nbsp;Jacques Guérold, Musée Départemental de la Résistance et de la Déportation de Lorris, 1988</p>



<p><em>Jours de peine et jours d&rsquo;espoir</em>, Bernard Valéry, Les Éditions Page à Page, 1997</p>



<p><em>Orléans Mémoire 1939-1945</em>, Édition Communication-Presse-Édition, 2002</p>



<p><em>De l&rsquo;engagement de la nation française dans la triste aventure du gouvernement de Vichy</em>, Pierre Jérosme, L&rsquo;Harmattan, 1994</p>



<p><em>Orléans, de l&rsquo;occupation à la libération, 1940-1944 :&nbsp;exposition réalisée par les Archives municipales à l&rsquo;occasion du cinquantième anniversaire de la libération d&rsquo;Orléans</em>, Musee historique, Place Abbe Desnoyers, 16 août-30 octobre 1994</p>



<p><em>1940-1944 Entre destructions et reconstruction, Sully-sur-Loire pendant la Seconde Guerre Mondiale</em>,&nbsp;exposition photographique organisée par l’association « Culture et Patrimoine dans le Sullias »,&nbsp;catalogue de l&rsquo;exposition librairie Morin, Sully Sur Loire</p>



<p><em>La graisse mais pas les os</em>, Henri Ledroit, Editions de l&rsquo;Ecluse, 2014</p>

<p>Au temps de l&rsquo;héroïsme et de la trahison, Paul Guillaume, Librairie Loddé, 1978 Le Maquis de Lorris, Musée Départemental de la Résistance et de la Déportation de Lorris Le Gâtinais en résistance, A l&rsquo;Est du Loiret au temps des maquis, Liliane Brulez, Corsaire éditions, 2024 Le Loiret dans la guerre, Yves Durand, Editions Horvath 1983 &hellip; </p>
<p><a class="more-link btn" href="https://maquisdelorris.fr/resistance/?page_id=235">Lire la suite</a></p>
