{"id":2481,"date":"2017-07-27T13:22:17","date_gmt":"2017-07-27T13:22:17","guid":{"rendered":"http:\/\/maquisdelorris.fr\/resistance\/?page_id=2481"},"modified":"2019-08-12T13:15:59","modified_gmt":"2019-08-12T13:15:59","slug":"marie-jose-chombart-de-lauwe","status":"publish","type":"page","link":"https:\/\/maquisdelorris.fr\/resistance\/?page_id=2481","title":{"rendered":"Marie-Jos\u00e9 Chombart de Lauwe"},"content":{"rendered":"\n<div class=\"wp-block-image\"><figure class=\"alignleft is-resized\"><a href=\"https:\/\/maquisdelorris.fr\/resistance\/?attachment_id=4217\" rel=\"attachment wp-att-4217\"><img loading=\"lazy\" decoding=\"async\" src=\"https:\/\/maquisdelorris.fr\/resistance\/wp-content\/uploads\/2016\/08\/LES-BORDES-MARIE-JOSE-CHOMBART-DE-LAUWE.jpg\" alt=\"LES BORDES MARIE JOSE CHOMBART DE LAUWE\" class=\"wp-image-4217\" width=\"255\" height=\"317\" srcset=\"https:\/\/maquisdelorris.fr\/resistance\/wp-content\/uploads\/2016\/08\/LES-BORDES-MARIE-JOSE-CHOMBART-DE-LAUWE.jpg 1012w, https:\/\/maquisdelorris.fr\/resistance\/wp-content\/uploads\/2016\/08\/LES-BORDES-MARIE-JOSE-CHOMBART-DE-LAUWE-241x300.jpg 241w, https:\/\/maquisdelorris.fr\/resistance\/wp-content\/uploads\/2016\/08\/LES-BORDES-MARIE-JOSE-CHOMBART-DE-LAUWE-768x957.jpg 768w, https:\/\/maquisdelorris.fr\/resistance\/wp-content\/uploads\/2016\/08\/LES-BORDES-MARIE-JOSE-CHOMBART-DE-LAUWE-822x1024.jpg 822w, https:\/\/maquisdelorris.fr\/resistance\/wp-content\/uploads\/2016\/08\/LES-BORDES-MARIE-JOSE-CHOMBART-DE-LAUWE-300x374.jpg 300w\" sizes=\"auto, (max-width: 255px) 100vw, 255px\" \/><\/a><\/figure><\/div>\n\n\n\n<p>C&rsquo;est en travaillant l&rsquo;an pass\u00e9 sur le sujet du Concours National de la R\u00e9sistance et de la D\u00e9portation 2016-2017, <strong>\u00ab La n\u00e9gation de l&rsquo;homme dans l&rsquo;univers concentrationnaire nazi \u00bb<\/strong>, que les&nbsp;\u00e9l\u00e8ves du Club r\u00e9sistance du coll\u00e8ge Genevi\u00e8ve de Gaulle-Anthonioz des Bordes ont exploit\u00e9 et mont\u00e9 les images film\u00e9es par leurs pr\u00e9d\u00e9cesseurs lors de la visite de&nbsp;Marie-Jos\u00e9 Chombart de Lauwe \u00e0 l\u2019occasion du&nbsp;<strong>65<sup>\u00e8me<\/sup>&nbsp;anniversaire de la Lib\u00e9ration des camps de concentration et d\u2019extermination nazis<\/strong>, une rencontre organis\u00e9e au coll\u00e8ge le 28 avril 2010.<\/p>\n\n\n\n<div class=\"wp-block-image\"><figure class=\"alignright is-resized\"><a href=\"https:\/\/maquisdelorris.fr\/resistance\/?attachment_id=5109\" rel=\"attachment wp-att-5109\"><img loading=\"lazy\" decoding=\"async\" src=\"https:\/\/maquisdelorris.fr\/resistance\/wp-content\/uploads\/2018\/02\/MJCdL-1.jpg\" alt=\"\" class=\"wp-image-5109\" width=\"239\" height=\"368\" srcset=\"https:\/\/maquisdelorris.fr\/resistance\/wp-content\/uploads\/2018\/02\/MJCdL-1.jpg 1000w, https:\/\/maquisdelorris.fr\/resistance\/wp-content\/uploads\/2018\/02\/MJCdL-1-195x300.jpg 195w, https:\/\/maquisdelorris.fr\/resistance\/wp-content\/uploads\/2018\/02\/MJCdL-1-768x1181.jpg 768w, https:\/\/maquisdelorris.fr\/resistance\/wp-content\/uploads\/2018\/02\/MJCdL-1-666x1024.jpg 666w, https:\/\/maquisdelorris.fr\/resistance\/wp-content\/uploads\/2018\/02\/MJCdL-1-300x461.jpg 300w\" sizes=\"auto, (max-width: 239px) 100vw, 239px\" \/><\/a><\/figure><\/div>\n\n\n\n<p>Agent d&rsquo;un r\u00e9seau de r\u00e9sistance breton, d\u00e9port\u00e9e dans les camps de&nbsp;Ravensbr\u00fcck&nbsp;et&nbsp;Mauthausen&nbsp;et pr\u00e9sidente de la&nbsp;Fondation pour la M\u00e9moire de la D\u00e9portation, Marie-Jos\u00e9 Chombart de Lauwe&nbsp;a ainsi t\u00e9moign\u00e9 de l\u2019horreur du camp de Ravensbr\u00fcck, des exp\u00e9riences sur les femmes, du \u00ab&nbsp;bloc des enfants&nbsp;\u00bb et de la solidarit\u00e9 entre prisonni\u00e8res.<\/p>\n\n\n\n<div class=\"wp-block-image\"><figure class=\"alignleft is-resized\"><img loading=\"lazy\" decoding=\"async\" src=\"https:\/\/maquisdelorris.fr\/resistance\/wp-content\/uploads\/2016\/08\/LES-BORDES-RESISTANCE-ET-DEPORTATION.jpg\" alt=\"LES BORDES RESISTANCE ET DEPORTATION\" class=\"wp-image-4218\" width=\"249\" height=\"296\" srcset=\"https:\/\/maquisdelorris.fr\/resistance\/wp-content\/uploads\/2016\/08\/LES-BORDES-RESISTANCE-ET-DEPORTATION.jpg 832w, https:\/\/maquisdelorris.fr\/resistance\/wp-content\/uploads\/2016\/08\/LES-BORDES-RESISTANCE-ET-DEPORTATION-253x300.jpg 253w, https:\/\/maquisdelorris.fr\/resistance\/wp-content\/uploads\/2016\/08\/LES-BORDES-RESISTANCE-ET-DEPORTATION-768x912.jpg 768w, https:\/\/maquisdelorris.fr\/resistance\/wp-content\/uploads\/2016\/08\/LES-BORDES-RESISTANCE-ET-DEPORTATION-300x356.jpg 300w\" sizes=\"auto, (max-width: 249px) 100vw, 249px\" \/><\/figure><\/div>\n\n\n\n<p>Ce travail est compl\u00e9t\u00e9 par l&rsquo;intervention ce jour-l\u00e0 d&rsquo;une conf\u00e9rence-d\u00e9bat anim\u00e9e au coll\u00e8ge par l\u2019historienne&nbsp;Fr\u00e9d\u00e9rique Neau-Dufour, autour du th\u00e8me&nbsp;:&nbsp;<strong>\u00ab La place des femmes dans la R\u00e9sistance \u00bb<\/strong>. Participaient au d\u00e9bat&nbsp;Marie-Jos\u00e9 Chombart de Lauwe&nbsp;donc, et<a href=\"https:\/\/maquisdelorris.fr\/resistance\/?page_id=1843\" target=\"_blank\" rel=\"noopener noreferrer\"> Henri Ledroit<\/a>, d\u00e9port\u00e9 r\u00e9sistant politique, arr\u00eat\u00e9 et emprisonn\u00e9 au camp de Mauthausen (<a href=\"https:\/\/maquisdelorris.fr\/resistance\/?page_id=757#Th\u00e8me 2009\/2010\" target=\"_blank\" rel=\"noopener noreferrer\">voir bilan complet du projet<\/a>).&nbsp;Tous trois ont livr\u00e9 un \u00e9clairage historique sur le r\u00f4le des femmes dans la r\u00e9sistance,&nbsp; en revenant particuli\u00e8rement sur l\u2019exemple de <a href=\"https:\/\/maquisdelorris.fr\/resistance\/?page_id=2261\" target=\"_blank\" rel=\"noopener noreferrer\">Genevi\u00e8ve de Gaulle-Anthonioz<\/a>.<\/p>\n\n\n\n<p>Un DVD-Video, consacr\u00e9 au t\u00e9moignage de Marie-Jos\u00e9 Chombart de Lauwe, avait alors \u00e9t\u00e9 cr\u00e9\u00e9 : \u00ab Rencontre avec Marie-Jo Chombart de Lauwe\u00bb.<\/p>\n\n\n\n<div class=\"wp-block-image\"><figure class=\"aligncenter is-resized\"><img loading=\"lazy\" decoding=\"async\" src=\"https:\/\/maquisdelorris.fr\/resistance\/wp-content\/uploads\/2016\/08\/jacquette-MJCdL.jpg\" alt=\"jacquette MJCdL\" class=\"wp-image-4216\" width=\"783\" height=\"527\" srcset=\"https:\/\/maquisdelorris.fr\/resistance\/wp-content\/uploads\/2016\/08\/jacquette-MJCdL.jpg 1548w, https:\/\/maquisdelorris.fr\/resistance\/wp-content\/uploads\/2016\/08\/jacquette-MJCdL-300x202.jpg 300w, https:\/\/maquisdelorris.fr\/resistance\/wp-content\/uploads\/2016\/08\/jacquette-MJCdL-768x518.jpg 768w, https:\/\/maquisdelorris.fr\/resistance\/wp-content\/uploads\/2016\/08\/jacquette-MJCdL-1024x691.jpg 1024w\" sizes=\"auto, (max-width: 783px) 100vw, 783px\" \/><\/figure><\/div>\n\n\n\n<p>C&rsquo;est ici le t\u00e9moignage de&nbsp;Marie-Jos\u00e9 Chombart de Lauwe que je vous propose ainsi de d\u00e9couvrir :<\/p>\n\n\n\n<p style=\"text-align:center\"><em><strong>Travail r\u00e9alis\u00e9&nbsp;par les \u00e9l\u00e8ves des Club R\u00e9sistance 2009\/2010 (enregistrement) et 2016\/2017 (montage) du coll\u00e8ge Genevi\u00e8ve de Gaulle Anthonioz des Bordes&nbsp;autour du th\u00e8me 2016\/2017 du Concours National de la R\u00e9sistance et de la D\u00e9portation&nbsp;:&nbsp;\u00ab&nbsp;La n\u00e9gation de l&rsquo;homme dans l&rsquo;univers concentrationnaire nazi \u00bb<\/strong><\/em><\/p>\n\n\n\n<h4 class=\"wp-block-heading\">La r\u00e9sistance<\/h4>\n\n\n\n<figure class=\"wp-block-video aligncenter\"><video height=\"400\" style=\"aspect-ratio: 500 \/ 400;\" width=\"500\" controls src=\"https:\/\/maquisdelorris.fr\/resistance\/wp-content\/uploads\/videos\/MJC de L. part.1.mp4\"><\/video><figcaption>  <em>T\u00e9moignage recueilli et enregistr\u00e9 par les \u00e9l\u00e8ves du Club R\u00e9sistance 2009\/2010 du coll\u00e8ge Genevi\u00e8ve de Gaulle Anthonioz des Bordes<\/em><br><em>Marie-Jos\u00e9 Chombart de Lauwe le 28 avril 2010, au coll\u00e8ge<\/em> <\/figcaption><\/figure>\n\n\n\n<h4 class=\"wp-block-heading\">Ravensbr\u00fcck<\/h4>\n\n\n\n<figure class=\"wp-block-video aligncenter\"><video height=\"400\" style=\"aspect-ratio: 500 \/ 400;\" width=\"500\" controls src=\"https:\/\/maquisdelorris.fr\/resistance\/wp-content\/uploads\/videos\/MJC de L. part.2.mp4\"><\/video><\/figure>\n","protected":false},"excerpt":{"rendered":"<p>C&rsquo;est en travaillant l&rsquo;an pass\u00e9 sur le sujet du Concours National de la R\u00e9sistance et de la D\u00e9portation 2016-2017, \u00ab La n\u00e9gation de l&rsquo;homme dans l&rsquo;univers concentrationnaire nazi \u00bb, que les&nbsp;\u00e9l\u00e8ves du Club r\u00e9sistance du coll\u00e8ge Genevi\u00e8ve de Gaulle-Anthonioz des Bordes ont exploit\u00e9 et mont\u00e9 les images film\u00e9es par leurs pr\u00e9d\u00e9cesseurs lors de la visite &hellip; <\/p>\n<p><a class=\"more-link btn\" href=\"https:\/\/maquisdelorris.fr\/resistance\/?page_id=2481\">Lire la suite<\/a><\/p>\n","protected":false},"author":5,"featured_media":5107,"parent":570,"menu_order":6,"comment_status":"closed","ping_status":"open","template":"","meta":{"footnotes":""},"class_list":["post-2481","page","type-page","status-publish","has-post-thumbnail","hentry","nodate","item-wrap"],"aioseo_notices":[],"_links":{"self":[{"href":"https:\/\/maquisdelorris.fr\/resistance\/index.php?rest_route=\/wp\/v2\/pages\/2481","targetHints":{"allow":["GET"]}}],"collection":[{"href":"https:\/\/maquisdelorris.fr\/resistance\/index.php?rest_route=\/wp\/v2\/pages"}],"about":[{"href":"https:\/\/maquisdelorris.fr\/resistance\/index.php?rest_route=\/wp\/v2\/types\/page"}],"author":[{"embeddable":true,"href":"https:\/\/maquisdelorris.fr\/resistance\/index.php?rest_route=\/wp\/v2\/users\/5"}],"replies":[{"embeddable":true,"href":"https:\/\/maquisdelorris.fr\/resistance\/index.php?rest_route=%2Fwp%2Fv2%2Fcomments&post=2481"}],"version-history":[{"count":0,"href":"https:\/\/maquisdelorris.fr\/resistance\/index.php?rest_route=\/wp\/v2\/pages\/2481\/revisions"}],"up":[{"embeddable":true,"href":"https:\/\/maquisdelorris.fr\/resistance\/index.php?rest_route=\/wp\/v2\/pages\/570"}],"wp:featuredmedia":[{"embeddable":true,"href":"https:\/\/maquisdelorris.fr\/resistance\/index.php?rest_route=\/wp\/v2\/media\/5107"}],"wp:attachment":[{"href":"https:\/\/maquisdelorris.fr\/resistance\/index.php?rest_route=%2Fwp%2Fv2%2Fmedia&parent=2481"}],"curies":[{"name":"wp","href":"https:\/\/api.w.org\/{rel}","templated":true}]}}

Marie-José Chombart de Lauwe

<div class="wp-block-image"><figure class="alignleft is-resized"><a href="https://maquisdelorris.fr/resistance/?attachment_id=4217" rel="attachment wp-att-4217"><img loading="lazy" decoding="async" src="https://maquisdelorris.fr/resistance/wp-content/uploads/2016/08/LES-BORDES-MARIE-JOSE-CHOMBART-DE-LAUWE.jpg" alt="LES BORDES MARIE JOSE CHOMBART DE LAUWE" class="wp-image-4217" width="255" height="317" srcset="https://maquisdelorris.fr/resistance/wp-content/uploads/2016/08/LES-BORDES-MARIE-JOSE-CHOMBART-DE-LAUWE.jpg 1012w, https://maquisdelorris.fr/resistance/wp-content/uploads/2016/08/LES-BORDES-MARIE-JOSE-CHOMBART-DE-LAUWE-241x300.jpg 241w, https://maquisdelorris.fr/resistance/wp-content/uploads/2016/08/LES-BORDES-MARIE-JOSE-CHOMBART-DE-LAUWE-768x957.jpg 768w, https://maquisdelorris.fr/resistance/wp-content/uploads/2016/08/LES-BORDES-MARIE-JOSE-CHOMBART-DE-LAUWE-822x1024.jpg 822w, https://maquisdelorris.fr/resistance/wp-content/uploads/2016/08/LES-BORDES-MARIE-JOSE-CHOMBART-DE-LAUWE-300x374.jpg 300w" sizes="auto, (max-width: 255px) 100vw, 255px" /></a></figure></div>



<p>C&rsquo;est en travaillant l&rsquo;an passé sur le sujet du Concours National de la Résistance et de la Déportation 2016-2017, <strong>« La négation de l&rsquo;homme dans l&rsquo;univers concentrationnaire nazi »</strong>, que les&nbsp;élèves du Club résistance du collège Geneviève de Gaulle-Anthonioz des Bordes ont exploité et monté les images filmées par leurs prédécesseurs lors de la visite de&nbsp;Marie-José Chombart de Lauwe à l’occasion du&nbsp;<strong>65<sup>ème</sup>&nbsp;anniversaire de la Libération des camps de concentration et d’extermination nazis</strong>, une rencontre organisée au collège le 28 avril 2010.</p>



<div class="wp-block-image"><figure class="alignright is-resized"><a href="https://maquisdelorris.fr/resistance/?attachment_id=5109" rel="attachment wp-att-5109"><img loading="lazy" decoding="async" src="https://maquisdelorris.fr/resistance/wp-content/uploads/2018/02/MJCdL-1.jpg" alt="" class="wp-image-5109" width="239" height="368" srcset="https://maquisdelorris.fr/resistance/wp-content/uploads/2018/02/MJCdL-1.jpg 1000w, https://maquisdelorris.fr/resistance/wp-content/uploads/2018/02/MJCdL-1-195x300.jpg 195w, https://maquisdelorris.fr/resistance/wp-content/uploads/2018/02/MJCdL-1-768x1181.jpg 768w, https://maquisdelorris.fr/resistance/wp-content/uploads/2018/02/MJCdL-1-666x1024.jpg 666w, https://maquisdelorris.fr/resistance/wp-content/uploads/2018/02/MJCdL-1-300x461.jpg 300w" sizes="auto, (max-width: 239px) 100vw, 239px" /></a></figure></div>



<p>Agent d&rsquo;un réseau de résistance breton, déportée dans les camps de&nbsp;Ravensbrück&nbsp;et&nbsp;Mauthausen&nbsp;et présidente de la&nbsp;Fondation pour la Mémoire de la Déportation, Marie-José Chombart de Lauwe&nbsp;a ainsi témoigné de l’horreur du camp de Ravensbrück, des expériences sur les femmes, du «&nbsp;bloc des enfants&nbsp;» et de la solidarité entre prisonnières.</p>



<div class="wp-block-image"><figure class="alignleft is-resized"><img loading="lazy" decoding="async" src="https://maquisdelorris.fr/resistance/wp-content/uploads/2016/08/LES-BORDES-RESISTANCE-ET-DEPORTATION.jpg" alt="LES BORDES RESISTANCE ET DEPORTATION" class="wp-image-4218" width="249" height="296" srcset="https://maquisdelorris.fr/resistance/wp-content/uploads/2016/08/LES-BORDES-RESISTANCE-ET-DEPORTATION.jpg 832w, https://maquisdelorris.fr/resistance/wp-content/uploads/2016/08/LES-BORDES-RESISTANCE-ET-DEPORTATION-253x300.jpg 253w, https://maquisdelorris.fr/resistance/wp-content/uploads/2016/08/LES-BORDES-RESISTANCE-ET-DEPORTATION-768x912.jpg 768w, https://maquisdelorris.fr/resistance/wp-content/uploads/2016/08/LES-BORDES-RESISTANCE-ET-DEPORTATION-300x356.jpg 300w" sizes="auto, (max-width: 249px) 100vw, 249px" /></figure></div>



<p>Ce travail est complété par l&rsquo;intervention ce jour-là d&rsquo;une conférence-débat animée au collège par l’historienne&nbsp;Frédérique Neau-Dufour, autour du thème&nbsp;:&nbsp;<strong>« La place des femmes dans la Résistance »</strong>. Participaient au débat&nbsp;Marie-José Chombart de Lauwe&nbsp;donc, et<a href="https://maquisdelorris.fr/resistance/?page_id=1843" target="_blank" rel="noopener noreferrer"> Henri Ledroit</a>, déporté résistant politique, arrêté et emprisonné au camp de Mauthausen (<a href="https://maquisdelorris.fr/resistance/?page_id=757#Thème 2009/2010" target="_blank" rel="noopener noreferrer">voir bilan complet du projet</a>).&nbsp;Tous trois ont livré un éclairage historique sur le rôle des femmes dans la résistance,&nbsp; en revenant particulièrement sur l’exemple de <a href="https://maquisdelorris.fr/resistance/?page_id=2261" target="_blank" rel="noopener noreferrer">Geneviève de Gaulle-Anthonioz</a>.</p>



<p>Un DVD-Video, consacré au témoignage de Marie-José Chombart de Lauwe, avait alors été créé : « Rencontre avec Marie-Jo Chombart de Lauwe».</p>



<div class="wp-block-image"><figure class="aligncenter is-resized"><img loading="lazy" decoding="async" src="https://maquisdelorris.fr/resistance/wp-content/uploads/2016/08/jacquette-MJCdL.jpg" alt="jacquette MJCdL" class="wp-image-4216" width="783" height="527" srcset="https://maquisdelorris.fr/resistance/wp-content/uploads/2016/08/jacquette-MJCdL.jpg 1548w, https://maquisdelorris.fr/resistance/wp-content/uploads/2016/08/jacquette-MJCdL-300x202.jpg 300w, https://maquisdelorris.fr/resistance/wp-content/uploads/2016/08/jacquette-MJCdL-768x518.jpg 768w, https://maquisdelorris.fr/resistance/wp-content/uploads/2016/08/jacquette-MJCdL-1024x691.jpg 1024w" sizes="auto, (max-width: 783px) 100vw, 783px" /></figure></div>



<p>C&rsquo;est ici le témoignage de&nbsp;Marie-José Chombart de Lauwe que je vous propose ainsi de découvrir :</p>



<p style="text-align:center"><em><strong>Travail réalisé&nbsp;par les élèves des Club Résistance 2009/2010 (enregistrement) et 2016/2017 (montage) du collège Geneviève de Gaulle Anthonioz des Bordes&nbsp;autour du thème 2016/2017 du Concours National de la Résistance et de la Déportation&nbsp;:&nbsp;«&nbsp;La négation de l&rsquo;homme dans l&rsquo;univers concentrationnaire nazi »</strong></em></p>



<h4 class="wp-block-heading">La résistance</h4>



<figure class="wp-block-video aligncenter"><video height="400" style="aspect-ratio: 500 / 400;" width="500" controls src="https://maquisdelorris.fr/resistance/wp-content/uploads/videos/MJC de L. part.1.mp4"></video><figcaption>  <em>Témoignage recueilli et enregistré par les élèves du Club Résistance 2009/2010 du collège Geneviève de Gaulle Anthonioz des Bordes</em><br><em>Marie-José Chombart de Lauwe le 28 avril 2010, au collège</em> </figcaption></figure>



<h4 class="wp-block-heading">Ravensbrück</h4>



<figure class="wp-block-video aligncenter"><video height="400" style="aspect-ratio: 500 / 400;" width="500" controls src="https://maquisdelorris.fr/resistance/wp-content/uploads/videos/MJC de L. part.2.mp4"></video></figure>

<p>C&rsquo;est en travaillant l&rsquo;an passé sur le sujet du Concours National de la Résistance et de la Déportation 2016-2017, « La négation de l&rsquo;homme dans l&rsquo;univers concentrationnaire nazi », que les&nbsp;élèves du Club résistance du collège Geneviève de Gaulle-Anthonioz des Bordes ont exploité et monté les images filmées par leurs prédécesseurs lors de la visite &hellip; </p>
<p><a class="more-link btn" href="https://maquisdelorris.fr/resistance/?page_id=2481">Lire la suite</a></p>
