{"id":3817,"date":"2015-08-22T12:43:06","date_gmt":"2015-08-22T12:43:06","guid":{"rendered":"http:\/\/maquisdelorris.fr\/resistance\/?page_id=3817"},"modified":"2025-03-05T16:05:43","modified_gmt":"2025-03-05T16:05:43","slug":"les-ceremonies-du-70eme-anniversaire","status":"publish","type":"page","link":"https:\/\/maquisdelorris.fr\/resistance\/?page_id=3817","title":{"rendered":"1944-2014, le 70\u00e8me anniversaire"},"content":{"rendered":"\n<p>C&rsquo;est le dimanche 10 ao\u00fbt 2014&nbsp;que se sont d\u00e9roul\u00e9es en for\u00eat d&rsquo;Orl\u00e9ans les c\u00e9r\u00e9monies&nbsp;du&nbsp;70<sup>\u00e8me&nbsp;<\/sup>anniversaire de&nbsp;<a href=\"https:\/\/maquisdelorris.fr\/resistance\/?page_id=105\" target=\"_blank\" rel=\"noopener noreferrer\">l&rsquo;attaque allemande&nbsp;du 14 ao\u00fbt 1944<\/a>&nbsp;au&nbsp;<a href=\"https:\/\/maquisdelorris.fr\/resistance\/?page_id=109\" target=\"_blank\" rel=\"noopener noreferrer\">Carrefour de la r\u00e9sistance<\/a>.<\/p>\n\n\n\n<div class=\"wp-block-image wp-image-2726\"><figure class=\"aligncenter is-resized\"><img loading=\"lazy\" decoding=\"async\" src=\"https:\/\/maquisdelorris.fr\/resistance\/wp-content\/uploads\/2014\/08\/20140810_163354.jpg\" alt=\"20140810_163354\" class=\"wp-image-2726\" width=\"797\" height=\"448\" srcset=\"https:\/\/maquisdelorris.fr\/resistance\/wp-content\/uploads\/2014\/08\/20140810_163354.jpg 4160w, https:\/\/maquisdelorris.fr\/resistance\/wp-content\/uploads\/2014\/08\/20140810_163354-300x168.jpg 300w, https:\/\/maquisdelorris.fr\/resistance\/wp-content\/uploads\/2014\/08\/20140810_163354-1024x576.jpg 1024w\" sizes=\"auto, (max-width: 797px) 100vw, 797px\" \/><figcaption>L&rsquo;arriv\u00e9e toujours tr\u00e8s impressionnante de la centaine de porte-drapeaux devant les 60 c\u00e9notaphes du Cimeti\u00e8re des maquisards (Droits r\u00e9serv\u00e9s, AFAAM, 2014)<\/figcaption><\/figure><\/div>\n\n\n\n<p>Comme toujours, la c\u00e9r\u00e9monie organis\u00e9e par l&rsquo;AFAAM&nbsp;et les communes du secteur a d\u00e9but\u00e9 par un office religieux \u0153cum\u00e9nique, suivi de la c\u00e9r\u00e9monie au cimeti\u00e8re des Maquisards. Ce sont des enfants des communes de Coudroy, Oussoy, ainsi que des coll\u00e9giens de Lorris et des Bordes qui &nbsp;ont d\u00e9pos\u00e9 les 60 roses devant les 60 c\u00e9notaphes.<\/p>\n\n\n\n<div class=\"wp-block-image\"><figure class=\"aligncenter is-resized\"><a href=\"https:\/\/maquisdelorris.fr\/resistance\/wp-content\/uploads\/2014\/08\/20140810_164230.jpg\"><img loading=\"lazy\" decoding=\"async\" src=\"https:\/\/maquisdelorris.fr\/resistance\/wp-content\/uploads\/2014\/08\/20140810_164230.jpg\" alt=\"20140810_164230\" class=\"wp-image-2727\" width=\"724\" height=\"407\" srcset=\"https:\/\/maquisdelorris.fr\/resistance\/wp-content\/uploads\/2014\/08\/20140810_164230.jpg 4160w, https:\/\/maquisdelorris.fr\/resistance\/wp-content\/uploads\/2014\/08\/20140810_164230-300x168.jpg 300w, https:\/\/maquisdelorris.fr\/resistance\/wp-content\/uploads\/2014\/08\/20140810_164230-1024x576.jpg 1024w\" sizes=\"auto, (max-width: 724px) 100vw, 724px\" \/><\/a><figcaption>Monique Bourassin et Bernard Chalopin (AFAAM) d\u00e9posent une gerbe de fleurs sur les 60 tombes fleuries de roses par les enfants des communes du secteur (Droits r\u00e9serv\u00e9s, AFAAM, 2014)<\/figcaption><\/figure><\/div>\n\n\n\n<p>La c\u00e9r\u00e9monie, dirig\u00e9e par le capitaine de corvette Gabriel Huet, s&rsquo;est ensuite&nbsp;poursuivie devant le&nbsp;<a href=\"https:\/\/maquisdelorris.fr\/resistance\/?page_id=109\">m\u00e9morial<\/a>, avec une remise de m\u00e9dailles comm\u00e9moratives par le sous-pr\u00e9fet de Montargis Paul Laville aux 8 anciens du maquis pr\u00e9sents, une c\u00e9r\u00e9monie hommage fort \u00e9mouvante.&nbsp;<strong><span style=\"color: #222222;\">Bernard Chalopin, Jean H\u00e9au, Robert Turpin, Michel Deprecq, Guy de Bodman, Andr\u00e9 Rousseau, Jacques Blain, <\/span><\/strong><span style=\"color: #222222;\">et<\/span><strong><span style=\"color: #222222;\"> Robert G\u00e9rard<\/span><\/strong><span style=\"color: #222222;\"> se sont ainsi vus honor\u00e9s tandis que r\u00e9sonnaient dans la for\u00eat le Chant des Partisans et la Marseillaise entonn\u00e9es par la chorale de Lorris<\/span>.<\/p>\n\n\n\n<div class=\"wp-block-image\"><figure class=\"aligncenter is-resized\"><a href=\"https:\/\/maquisdelorris.fr\/resistance\/wp-content\/uploads\/2014\/08\/m\u00e9dailles-afaam-2014.jpg\"><img loading=\"lazy\" decoding=\"async\" src=\"https:\/\/maquisdelorris.fr\/resistance\/wp-content\/uploads\/2014\/08\/m\u00e9dailles-afaam-2014.jpg\" alt=\"m\u00e9dailles afaam 2014\" class=\"wp-image-2794\" width=\"249\" height=\"526\" srcset=\"https:\/\/maquisdelorris.fr\/resistance\/wp-content\/uploads\/2014\/08\/m\u00e9dailles-afaam-2014.jpg 317w, https:\/\/maquisdelorris.fr\/resistance\/wp-content\/uploads\/2014\/08\/m\u00e9dailles-afaam-2014-142x300.jpg 142w\" sizes=\"auto, (max-width: 249px) 100vw, 249px\" \/><\/a><figcaption>La m\u00e9daille souvenir des comm\u00e9morations du 70\u00e8me anniversaire du Maquis de Lorris (Droits r\u00e9serv\u00e9s, AFAAM, 2014)<\/figcaption><\/figure><\/div>\n\n\n\n<div class=\"wp-block-image\"><figure class=\"aligncenter is-resized\"><a href=\"https:\/\/maquisdelorris.fr\/resistance\/wp-content\/uploads\/2014\/08\/046.jpg\"><img loading=\"lazy\" decoding=\"async\" src=\"https:\/\/maquisdelorris.fr\/resistance\/wp-content\/uploads\/2014\/08\/046.jpg\" alt=\"046\" class=\"wp-image-2793\" width=\"590\" height=\"395\" srcset=\"https:\/\/maquisdelorris.fr\/resistance\/wp-content\/uploads\/2014\/08\/046.jpg 640w, https:\/\/maquisdelorris.fr\/resistance\/wp-content\/uploads\/2014\/08\/046-300x200.jpg 300w\" sizes=\"auto, (max-width: 590px) 100vw, 590px\" \/><\/a><figcaption>tandis que Bernard Chalopin re\u00e7oit la sienne des mains du sous-pr\u00e9fet (Droits r\u00e9serv\u00e9s, AFAAM, 2014)<\/figcaption><\/figure><\/div>\n\n\n\n<div class=\"wp-block-image\"><figure class=\"aligncenter is-resized\"><a href=\"https:\/\/maquisdelorris.fr\/resistance\/wp-content\/uploads\/2014\/08\/043.jpg\"><img loading=\"lazy\" decoding=\"async\" src=\"https:\/\/maquisdelorris.fr\/resistance\/wp-content\/uploads\/2014\/08\/043.jpg\" alt=\"043\" class=\"wp-image-2792\" width=\"590\" height=\"397\"\/><\/a><figcaption>Jean H\u00e9au re\u00e7oit sa m\u00e9daille des mains de sa fille Monique H\u00e9au, pr\u00e9sidente de l&rsquo;AFAAM (Droits r\u00e9serv\u00e9s, AFAAM, 2014)<\/figcaption><\/figure><\/div>\n\n\n\n<p>Suivra&nbsp;l&rsquo;appel aux morts pour la France, par deux \u00e9l\u00e8ves du Club r\u00e9sistance du Coll\u00e8ge des Bordes, Arnaud Gibouin et Marc Carpentier, et une coll\u00e9gienne de Lorris, Louise Martin, puis le d\u00e9p\u00f4t des gerbes de&nbsp;<span style=\"color: #222222;\">l&rsquo;AFAAM, du Souvenir fran\u00e7ais, de l&rsquo;ONF, du Conseil G\u00e9n\u00e9ral, des s\u00e9nateurs et d\u00e9put\u00e9s du Loiret, des autorit\u00e9s militaires et du&nbsp;sous pr\u00e9fet, monsieur le sous-pr\u00e9fet qui terminera ensuite la c\u00e9r\u00e9monie par le salut aux<\/span>&nbsp;portes drapeaux.<\/p>\n\n\n\n<div class=\"wp-block-image\"><figure class=\"aligncenter is-resized\"><a href=\"https:\/\/maquisdelorris.fr\/resistance\/wp-content\/uploads\/2014\/08\/20140810_170410.jpg\"><img loading=\"lazy\" decoding=\"async\" src=\"https:\/\/maquisdelorris.fr\/resistance\/wp-content\/uploads\/2014\/08\/20140810_170410.jpg\" alt=\"20140810_170410\" class=\"wp-image-2728\" width=\"740\" height=\"416\" srcset=\"https:\/\/maquisdelorris.fr\/resistance\/wp-content\/uploads\/2014\/08\/20140810_170410.jpg 4160w, https:\/\/maquisdelorris.fr\/resistance\/wp-content\/uploads\/2014\/08\/20140810_170410-300x168.jpg 300w, https:\/\/maquisdelorris.fr\/resistance\/wp-content\/uploads\/2014\/08\/20140810_170410-1024x576.jpg 1024w\" sizes=\"auto, (max-width: 740px) 100vw, 740px\" \/><\/a><figcaption>Louise, Marc et Arnaud pour l&rsquo;Appel aux morts (Droits r\u00e9serv\u00e9s, AFAAM, 2014)<\/figcaption><\/figure><\/div>\n\n\n\n<div class=\"wp-block-image\"><figure class=\"aligncenter is-resized\"><a href=\"https:\/\/maquisdelorris.fr\/resistance\/wp-content\/uploads\/2014\/08\/20140810_171238.jpg\"><img loading=\"lazy\" decoding=\"async\" src=\"https:\/\/maquisdelorris.fr\/resistance\/wp-content\/uploads\/2014\/08\/20140810_171238.jpg\" alt=\"20140810_171238\" class=\"wp-image-2730\" width=\"740\" height=\"418\"\/><\/a><figcaption>Les jeunes participent toujours avec application (Droits r\u00e9serv\u00e9s, AFAAM, 2014)<\/figcaption><\/figure><\/div>\n\n\n\n<p>Les pluies tant subites que torrentielles ont enfin amen\u00e9 les participants \u00e0 se r\u00e9fugier sous les arbres et \u00e0 l&rsquo;abri de la maison foresti\u00e8re pour \u00e9couter les discours d&rsquo;usage, dans la bonne humeur s&rsquo;il vous pla\u00eet, avant le traditionnel&nbsp;vin d&rsquo;honneur&nbsp;!<\/p>\n","protected":false},"excerpt":{"rendered":"<p>C&rsquo;est le dimanche 10 ao\u00fbt 2014&nbsp;que se sont d\u00e9roul\u00e9es en for\u00eat d&rsquo;Orl\u00e9ans les c\u00e9r\u00e9monies&nbsp;du&nbsp;70\u00e8me&nbsp;anniversaire de&nbsp;l&rsquo;attaque allemande&nbsp;du 14 ao\u00fbt 1944&nbsp;au&nbsp;Carrefour de la r\u00e9sistance. Comme toujours, la c\u00e9r\u00e9monie organis\u00e9e par l&rsquo;AFAAM&nbsp;et les communes du secteur a d\u00e9but\u00e9 par un office religieux \u0153cum\u00e9nique, suivi de la c\u00e9r\u00e9monie au cimeti\u00e8re des Maquisards. Ce sont des enfants des communes de &hellip; <\/p>\n<p><a class=\"more-link btn\" href=\"https:\/\/maquisdelorris.fr\/resistance\/?page_id=3817\">Lire la suite<\/a><\/p>\n","protected":false},"author":5,"featured_media":2726,"parent":8887,"menu_order":5,"comment_status":"closed","ping_status":"closed","template":"","meta":{"footnotes":""},"class_list":["post-3817","page","type-page","status-publish","has-post-thumbnail","hentry","nodate","item-wrap"],"aioseo_notices":[],"_links":{"self":[{"href":"https:\/\/maquisdelorris.fr\/resistance\/index.php?rest_route=\/wp\/v2\/pages\/3817","targetHints":{"allow":["GET"]}}],"collection":[{"href":"https:\/\/maquisdelorris.fr\/resistance\/index.php?rest_route=\/wp\/v2\/pages"}],"about":[{"href":"https:\/\/maquisdelorris.fr\/resistance\/index.php?rest_route=\/wp\/v2\/types\/page"}],"author":[{"embeddable":true,"href":"https:\/\/maquisdelorris.fr\/resistance\/index.php?rest_route=\/wp\/v2\/users\/5"}],"replies":[{"embeddable":true,"href":"https:\/\/maquisdelorris.fr\/resistance\/index.php?rest_route=%2Fwp%2Fv2%2Fcomments&post=3817"}],"version-history":[{"count":0,"href":"https:\/\/maquisdelorris.fr\/resistance\/index.php?rest_route=\/wp\/v2\/pages\/3817\/revisions"}],"up":[{"embeddable":true,"href":"https:\/\/maquisdelorris.fr\/resistance\/index.php?rest_route=\/wp\/v2\/pages\/8887"}],"wp:featuredmedia":[{"embeddable":true,"href":"https:\/\/maquisdelorris.fr\/resistance\/index.php?rest_route=\/wp\/v2\/media\/2726"}],"wp:attachment":[{"href":"https:\/\/maquisdelorris.fr\/resistance\/index.php?rest_route=%2Fwp%2Fv2%2Fmedia&parent=3817"}],"curies":[{"name":"wp","href":"https:\/\/api.w.org\/{rel}","templated":true}]}}