{"id":5020,"date":"2018-02-11T10:52:42","date_gmt":"2018-02-11T10:52:42","guid":{"rendered":"http:\/\/maquisdelorris.fr\/resistance\/?page_id=5020"},"modified":"2023-08-14T15:35:10","modified_gmt":"2023-08-14T15:35:10","slug":"andre-mulier","status":"publish","type":"page","link":"https:\/\/maquisdelorris.fr\/resistance\/?page_id=5020","title":{"rendered":"Andr\u00e9 Mulier"},"content":{"rendered":"<div class=\"wp-block-image\">\n<figure class=\"alignleft is-resized\"><a href=\"https:\/\/maquisdelorris.fr\/resistance\/?attachment_id=5022\" rel=\"attachment wp-att-5022\"><img loading=\"lazy\" decoding=\"async\" src=\"https:\/\/maquisdelorris.fr\/resistance\/wp-content\/uploads\/2017\/11\/A.Mulier.jpg\" alt=\"\" class=\"wp-image-5022\" style=\"width:256px;height:289px\" width=\"256\" height=\"289\" srcset=\"https:\/\/maquisdelorris.fr\/resistance\/wp-content\/uploads\/2017\/11\/A.Mulier.jpg 346w, https:\/\/maquisdelorris.fr\/resistance\/wp-content\/uploads\/2017\/11\/A.Mulier-266x300.jpg 266w, https:\/\/maquisdelorris.fr\/resistance\/wp-content\/uploads\/2017\/11\/A.Mulier-300x338.jpg 300w\" sizes=\"auto, (max-width: 256px) 100vw, 256px\" \/><\/a><\/figure>\n<\/div>\n\n\n<p>A l\u2019occasion de la pr\u00e9paration des \u00e9l\u00e8ves du Club R\u00e9sistance au coll\u00e8ge Genevi\u00e8ve de Gaulle-Anthonioz des Bordes \u00e0 l\u2019\u00e9preuve du Concours National de la R\u00e9sistance et de la D\u00e9portation, c\u2019est avec plaisir que nous avons pu \u00e9changer avec\u00a0<strong>Andr\u00e9 Mulier<\/strong><sup data-fn=\"20bcb94d-6890-4879-8212-96c0fb976270\" class=\"fn\"><a href=\"#20bcb94d-6890-4879-8212-96c0fb976270\" id=\"20bcb94d-6890-4879-8212-96c0fb976270-link\">1<\/a><\/sup>\u00a0le 1er\u00a0d\u00e9cembre 2017 autour du th\u00e8me 2017-2018\u00a0<strong>:\u00a0<a href=\"https:\/\/maquisdelorris.fr\/resistance\/?p=4772\">\u00ab\u00a0<em>S\u2019engager pour lib\u00e9rer la France\u00a0\u00bb<\/em><\/a><\/strong>.<\/p>\n\n\n\n<p>Apprenti typographe dans le Loiret, puis embauch\u00e9 dans une usine de la r\u00e9gion parisienne o\u00f9 \u00e9taient fabriqu\u00e9s des hydravions pour les Allemands, Andr\u00e9 Mulier multiplie les sabotages et participe \u00e0 la gr\u00e8ve g\u00e9n\u00e9rale \u00e0 l\u2019issue de laquelle il sera arr\u00eat\u00e9, puis d\u00e9port\u00e9 au camp de Buchenwald. Accompagn\u00e9 de&nbsp;<strong>Marie-Pierre Le Men<\/strong>, responsable du&nbsp;<a href=\"https:\/\/maquisdelorris.fr\/resistance\/?page_id=490\"><strong>Mus\u00e9e d\u00e9partemental de la R\u00e9sistance et de la D\u00e9portation de Lorris<\/strong><\/a>, il raconte aux \u00e9l\u00e8ves ses vingt-trois mois dans les camps nazis.<\/p>\n\n\n\n<p>Vous trouverez donc comme d&rsquo;habitude ci-dessous quelques extraits vid\u00e9o de son intervention au coll\u00e8ge.<\/p>\n\n\n\n<p>Andr\u00e9 Mulier a v\u00e9cu son enfance en r\u00e9gion parisienne, avant d&rsquo;arriver \u00e0 Pithiviers \u00e0 l&rsquo;\u00e2ge de 13 ans en 1936. Il devient apprenti typographe \u00e0 14 ans. C\u2019est donc dans le Loiret qu\u2019il voit la guerre d\u00e9buter et assiste \u00e0 l&rsquo;exode.<\/p>\n\n\n\n<p>Alors qu\u2019il travaille dans une imprimerie qui publie notamment le journal <em>L\u2019Avenir de Pithiviers<\/em>, il doit partir quand les Allemands font interdire le journal en juillet 1942. Il est alors embauch\u00e9 \u00e0 la Soci\u00e9t\u00e9 Nationale de Construction A\u00e9ronautique du Nord, en banlieue parisienne, dans une usine o\u00f9 se fabriquent des hydravions destin\u00e9s \u00e0 l\u2019effort de guerre allemand.<\/p>\n\n\n<div class=\"wp-block-image\">\n<figure class=\"alignright is-resized\"><a href=\"https:\/\/maquisdelorris.fr\/resistance\/?attachment_id=5034\" rel=\"attachment wp-att-5034\"><img loading=\"lazy\" decoding=\"async\" src=\"https:\/\/maquisdelorris.fr\/resistance\/wp-content\/uploads\/2017\/11\/23-mois.jpg\" alt=\"\" class=\"wp-image-5034\" style=\"width:268px;height:441px\" width=\"268\" height=\"441\" srcset=\"https:\/\/maquisdelorris.fr\/resistance\/wp-content\/uploads\/2017\/11\/23-mois.jpg 602w, https:\/\/maquisdelorris.fr\/resistance\/wp-content\/uploads\/2017\/11\/23-mois-182x300.jpg 182w, https:\/\/maquisdelorris.fr\/resistance\/wp-content\/uploads\/2017\/11\/23-mois-300x494.jpg 300w\" sizes=\"auto, (max-width: 268px) 100vw, 268px\" \/><\/a><\/figure>\n<\/div>\n\n\n<p>R\u00e9volt\u00e9, Andr\u00e9 Mulier entreprend de sa seule initiative de saboter le mat\u00e9riel destin\u00e9 \u00e0 l\u2019occupant en per\u00e7ant discr\u00e8tement les flotteurs qui passent entre ses mains sur les cha\u00eenes de montage. Il rentre ensuite pleinement dans la r\u00e9sistance au Front National de Lib\u00e9ration o\u00f9 ses comp\u00e9tences de typographe le destinent tout naturellement \u00e0 la r\u00e9alisation de tracts clandestins.<\/p>\n\n\n\n<p>Le 21 mai 1943, il d\u00e9clenche avec ses camarades une gr\u00e8ve g\u00e9n\u00e9rale pour laquelle il pr\u00e9pare des tracts. Mais d\u00e8s le 24 mai, il est arr\u00eat\u00e9 \u00e0 Sartrouville, probablement rep\u00e9r\u00e9 le jour de la gr\u00e8ve, les Allemands semblant ignorer son appartenance \u00e0 un groupe de r\u00e9sistants ; direction la Kommandantur de Maisons-Laffitte, la prison de Cherche-Midi, puis le fort de Romainville et enfin le camp de Compi\u00e8gne-Royallieu. Le 25 juin 1943, le convoi des 14000 (l\u2019immatriculation des d\u00e9port\u00e9s \u00e0 leur arriv\u00e9e au camp) emporte dans ses sinistres wagons \u00e0 bestiaux environ un millier de personnes vers Buchenwald.<\/p>\n\n\n\n<p>Andr\u00e9 Mulier raconte dans son t\u00e9moignage,&nbsp;<em>Vingt-trois mois dans les camps nazis, Buchenwald et Langenstein,<\/em> l\u2019effroyable voyage, l\u2019arriv\u00e9e au camp, la massive grille d&rsquo;entr\u00e9e et son \u00e9nigmatique message, <em>Jedem das seine<\/em> (\u00e0 chacun son d\u00fb), puis le lent processus de d\u00e9shumanisation entrepris par les nazis pour briser les hommes&nbsp;: le matricule <strong>14370<\/strong>&nbsp;supporte d\u00e8s lors comme ses camarades le manque de nourriture, les hivers \u00e0 -25 \u00b0C, les appels matin et soir, les s\u00e9vices, les ex\u00e9cutions, les maladies, les conditions d&rsquo;hygi\u00e8ne, mais partage aussi l&rsquo;\u00e9lan de solidarit\u00e9 qui l&rsquo;unit \u00e0 ses co-d\u00e9tenus. Andr\u00e9 Mulier travaille d&rsquo;abord dans la carri\u00e8re de Buchenwald, puis dans les ateliers de la DAW (Deutsche Ausr\u00fcstungswerke, les industries allemands de l\u2019armement).<\/p>\n\n\n\n<p class=\"has-text-align-center\"><em><strong>Travail r\u00e9alis\u00e9&nbsp;avec les \u00e9l\u00e8ves du Club R\u00e9sistance 2017\/2018 du coll\u00e8ge Genevi\u00e8ve de Gaulle Anthonioz des Bordes&nbsp;autour du th\u00e8me 2017\/2018 du Concours National de la R\u00e9sistance et de la D\u00e9portation&nbsp;:&nbsp;\u00ab&nbsp;S&rsquo;engager pour lib\u00e9rer la France \u00bb, avec Marie-Pierre Le Men, responsable du Mus\u00e9e de la R\u00e9sistance et de la D\u00e9portation de Lorris<\/strong><\/em><\/p>\n\n\n\n<figure class=\"wp-block-video aligncenter\"><video height=\"400\" style=\"aspect-ratio: 504 \/ 400;\" width=\"504\" controls src=\"https:\/\/maquisdelorris.fr\/resistance\/wp-content\/uploads\/videos\/A.Mulier part.1.mp4\"><\/video><figcaption class=\"wp-element-caption\">  <em>T\u00e9moignage recueilli et enregistr\u00e9 par les \u00e9l\u00e8ves du Club R\u00e9sistance 2017\/2018 du coll\u00e8ge Genevi\u00e8ve de Gaulle Anthonioz des Bordes<\/em><br><em>Andr\u00e9 Mulier et Marie-Pierre Le Men, le 1er d\u00e9cembre 2017, au coll\u00e8ge<\/em> <\/figcaption><\/figure>\n\n\n\n<p>Viendra ensuite le transfert vers le Kommando (camp annexe) de Langenstein o\u00f9 il est transf\u00e9r\u00e9 le 26 septembre 1944 pour y creuser un tunnel destin\u00e9 \u00e0 prot\u00e9ger une nouvelle usine a\u00e9ronautique apr\u00e8s les raids a\u00e9riens sur les b\u00e2timents de la DAW. Gr\u00e2ce \u00e0 son ami Albert Muller, il parvient \u00e0 se voir confier l\u2019entretien et l\u2019intendance du block, et a ainsi pu \u00e9viter le travail terriblement difficile dans le tunnel.<\/p>\n\n\n\n<figure class=\"wp-block-video aligncenter\"><video height=\"400\" style=\"aspect-ratio: 504 \/ 400;\" width=\"504\" controls src=\"https:\/\/maquisdelorris.fr\/resistance\/wp-content\/uploads\/videos\/A.Mulier part.2.mp4\"><\/video><\/figure>\n\n\n\n<p>Devant l\u2019avanc\u00e9e des troupes am\u00e9ricaines, Andr\u00e9 Mulier sera ensuite \u00e9vacu\u00e9 avec environ 3000 survivants le 9 avril 1945, pour une \u00ab marche de la mort \u00bb. Il parvient \u00e0 s\u2019\u00e9chapper apr\u00e8s 3 jours de marche \u00e9prouvante avant d\u2019\u00eatre secouru par les Am\u00e9ricains et un petit groupe de prisonniers de guerre fran\u00e7ais.<\/p>\n\n\n\n<p>De retour \u00e0 Pithiviers le 9 mai 1945 apr\u00e8s une escale \u00e0 Bruxelles, c\u2019est enfin le retour et la difficile r\u00e9adaptation \u00e0 une vie normale apr\u00e8s presque deux ans dans les camps. Mais sans jamais oublier le fameux serment de Buchenwald, prononc\u00e9 par des rescap\u00e9s sur la place d\u2019appel du camp de Buchenwald le 19 avril 1945, une semaine apr\u00e8s la lib\u00e9ration du camp&nbsp;:<\/p>\n\n\n\n<h5 class=\"wp-block-heading\">\u00ab&nbsp;C\u2019est pour \u00e7a que nous jurons, sur ces lieux de crimes fascistes, devant le monde entier, que nous abandonnerons seulement la lutte quand le dernier des responsables sera condamn\u00e9 devant le tribunal de toutes les nations : l\u2019\u00e9crasement d\u00e9finitif du nazisme est notre t\u00e2che.<\/h5>\n\n\n\n<h5 class=\"wp-block-heading\">NOTRE ID\u00c9AL EST LA CONSTRUCTION D\u2019UN MONDE NOUVEAU DANS LA PAIX ET LA LIBERT\u00c9.<\/h5>\n\n\n\n<h5 class=\"wp-block-heading\">Nous le devons \u00e0 nos camarades tu\u00e9s et \u00e0 leurs familles. Levez vos mains et jurez pour d\u00e9montrer que vous \u00eates pr\u00eats \u00e0 la lutte. \u00bb<\/h5>\n\n\n\n<p class=\"has-very-dark-gray-color has-text-color\">Andr\u00e9 Mulier n\u2019a eu de cesse depuis son retour en 1945 de porter la M\u00e9moire de la D\u00e9portation \u00e0 travers son engagement, pour l\u2019Association des Mutil\u00e9s du Loiret, l\u2019UDAC et l\u2019AFMD, et bien s\u00fbr lors de ses nombreuses interventions dans les \u00e9tablissements scolaires. <\/p>\n\n\n<ol class=\"wp-block-footnotes\"><li id=\"20bcb94d-6890-4879-8212-96c0fb976270\">Andr\u00e9 Mulier nous a quitt\u00e9 le\u00a0<a href=\"https:\/\/www.francebleu.fr\/infos\/societe\/lorris-un-hommage-rendu-a-andre-mulier-resistant-deporte-du-loiret-2816160\" target=\"_blank\" rel=\"noreferrer noopener\">24 juin 2019<\/a> <a href=\"#20bcb94d-6890-4879-8212-96c0fb976270-link\" aria-label=\"Aller \u00e0 la note de bas de page 1\">\u21a9\ufe0e<\/a><\/li><\/ol>","protected":false},"excerpt":{"rendered":"<p>A l\u2019occasion de la pr\u00e9paration des \u00e9l\u00e8ves du Club R\u00e9sistance au coll\u00e8ge Genevi\u00e8ve de Gaulle-Anthonioz des Bordes \u00e0 l\u2019\u00e9preuve du Concours National de la R\u00e9sistance et de la D\u00e9portation, c\u2019est avec plaisir que nous avons pu \u00e9changer avec\u00a0Andr\u00e9 Mulier\u00a0le 1er\u00a0d\u00e9cembre 2017 autour du th\u00e8me 2017-2018\u00a0:\u00a0\u00ab\u00a0S\u2019engager pour lib\u00e9rer la France\u00a0\u00bb. Apprenti typographe dans le Loiret, puis &hellip; <\/p>\n<p><a class=\"more-link btn\" href=\"https:\/\/maquisdelorris.fr\/resistance\/?page_id=5020\">Lire la suite<\/a><\/p>\n","protected":false},"author":5,"featured_media":5023,"parent":570,"menu_order":5,"comment_status":"closed","ping_status":"closed","template":"","meta":{"footnotes":"[{\"content\":\"Andr\u00e9 Mulier nous a quitt\u00e9 le\u00a0<a href=\\\"https:\/\/www.francebleu.fr\/infos\/societe\/lorris-un-hommage-rendu-a-andre-mulier-resistant-deporte-du-loiret-2816160\\\" target=\\\"_blank\\\" rel=\\\"noreferrer noopener\\\">24 juin 2019<\/a>\",\"id\":\"20bcb94d-6890-4879-8212-96c0fb976270\"}]"},"class_list":["post-5020","page","type-page","status-publish","has-post-thumbnail","hentry","nodate","item-wrap"],"aioseo_notices":[],"_links":{"self":[{"href":"https:\/\/maquisdelorris.fr\/resistance\/index.php?rest_route=\/wp\/v2\/pages\/5020","targetHints":{"allow":["GET"]}}],"collection":[{"href":"https:\/\/maquisdelorris.fr\/resistance\/index.php?rest_route=\/wp\/v2\/pages"}],"about":[{"href":"https:\/\/maquisdelorris.fr\/resistance\/index.php?rest_route=\/wp\/v2\/types\/page"}],"author":[{"embeddable":true,"href":"https:\/\/maquisdelorris.fr\/resistance\/index.php?rest_route=\/wp\/v2\/users\/5"}],"replies":[{"embeddable":true,"href":"https:\/\/maquisdelorris.fr\/resistance\/index.php?rest_route=%2Fwp%2Fv2%2Fcomments&post=5020"}],"version-history":[{"count":0,"href":"https:\/\/maquisdelorris.fr\/resistance\/index.php?rest_route=\/wp\/v2\/pages\/5020\/revisions"}],"up":[{"embeddable":true,"href":"https:\/\/maquisdelorris.fr\/resistance\/index.php?rest_route=\/wp\/v2\/pages\/570"}],"wp:featuredmedia":[{"embeddable":true,"href":"https:\/\/maquisdelorris.fr\/resistance\/index.php?rest_route=\/wp\/v2\/media\/5023"}],"wp:attachment":[{"href":"https:\/\/maquisdelorris.fr\/resistance\/index.php?rest_route=%2Fwp%2Fv2%2Fmedia&parent=5020"}],"curies":[{"name":"wp","href":"https:\/\/api.w.org\/{rel}","templated":true}]}}